s -1221 + 1?
-1220
In base 12, what is 1 - -1?
2
In base 6, what is -52 - -3401?
3305
In base 2, what is -1100111111010 + 100?
-1100111110110
In base 13, what is 5 + -84?
-7c
In base 10, what is 36 - -8?
44
In base 5, what is -12012 + -141?
-12203
In base 7, what is 44 - -53?
130
In base 12, what is 95 + 0?
95
In base 15, what is -2e3 + 4?
-2de
In base 10, what is 5 + -625?
-620
In base 3, what is 1002012121 + 2?
1002012200
In base 5, what is -1 - 40?
-41
In base 6, what is -2 - -1455?
1453
In base 2, what is 10010100100 - -1?
10010100101
In base 12, what is -2 - 3b?
-41
In base 6, what is -52 + 12?
-40
In base 10, what is -103 - -26?
-77
In base 13, what is 19 + 7?
23
In base 12, what is 0 + 3a?
3a
In base 8, what is -1002 + 0?
-1002
In base 4, what is 210 - -3?
213
In base 14, what is 58c - -2?
590
In base 3, what is -2020210 - 0?
-2020210
In base 2, what is 100111010 + 1000?
101000010
In base 15, what is -138 + 5?
-133
In base 4, what is -222113 - 11?
-222130
In base 14, what is 5 - 31b?
-316
In base 14, what is -c + 14d?
141
In base 3, what is 1022 - -100?
1122
In base 4, what is 32 + -131?
-33
In base 10, what is 16 + 176?
192
In base 15, what is 3 + 16?
19
In base 14, what is 3 - 702?
-6dd
In base 3, what is -101 + -2?
-110
In base 3, what is 1002 + -1?
1001
In base 2, what is -100011 + 0?
-100011
In base 8, what is 0 - -526?
526
In base 14, what is 3 - -36?
39
In base 11, what is 38 + 4?
41
In base 16, what is -168 + -2?
-16a
In base 14, what is b11 - -3?
b14
In base 4, what is -3 - 203210?
-203213
In base 16, what is 2 - 324?
-322
In base 9, what is 47 + -158?
-111
In base 12, what is -3 - 2127?
-212a
In base 4, what is 12 + 1202?
1220
In base 12, what is 23 - a?
15
In base 6, what is -2350 + 33?
-2313
In base 4, what is -1 - -1010023?
1010022
In base 14, what is -4 - -1b?
17
In base 3, what is -22002 - 111?
-22120
In base 13, what is 2c - 313?
-2b4
In base 15, what is 38 + 2?
3a
In base 7, what is -1 - -143?
142
In base 10, what is -5 - 163?
-168
In base 15, what is 2 + -1d6?
-1d4
In base 13, what is -29 + 0?
-29
In base 4, what is 3 - -22001?
22010
In base 2, what is -10 + 1011101?
1011011
In base 8, what is -2 + 173?
171
In base 9, what is 375 - 4?
371
In base 2, what is 1101001 - -10?
1101011
In base 2, what is 100 + 10101?
11001
In base 15, what is 4a - 1d?
2c
In base 15, what is 1 - -406?
407
In base 12, what is -816a - -4?
-8166
In base 11, what is -18 + 109?
a1
In base 11, what is 52a6 - 4?
52a2
In base 8, what is -2 + -1230?
-1232
In base 13, what is 49a6 - 2?
49a4
In base 9, what is -3 - 113?
-116
In base 4, what is -23 - 2?
-31
In base 9, what is 3 + -385?
-382
In base 9, what is 73 + 10?
83
In base 3, what is -10 - -1122120?
1122110
In base 8, what is -1221 + 5?
-1214
In base 15, what is -1 - 9?
-a
In base 10, what is -2039 + 3?
-2036
In base 9, what is 6768 - 3?
6765
In base 10, what is 2001 - -8?
2009
In base 3, what is 1211 - -102?
2020
In base 10, what is 4 - 1200?
-1196
In base 6, what is -32 - 14?
-50
In base 16, what is -4a - 37?
-81
In base 12, what is 0 - -16a?
16a
In base 2, what is 1000100110000 - 101?
1000100101011
In base 12, what is a8b + 4?
a93
In base 2, what is -1000001010101 - -11?
-1000001010010
In base 16, what is -26 - 3?
-29
In base 6, what is -4 + 5414?
5410
In base 13, what is 4 + -550?
-549
In base 12, what is -49 - 27?
-74
In base 14, what is 129 - -6?
131
In base 8, what is -5 + -105?
-112
In base 3, what is 11 + -202121?
-202110
In base 2, what is 10101001 + -10?
10100111
In base 9, what is -63 + -1?
-64
In base 4, what is -11122 - -3?
-11113
In base 2, what is -11 + -100000?
-100011
In base 14, what is -2 - -23?
21
In base 3, what is 12021 - 12?
12002
In base 9, what is 5 + -144?
-138
In base 8, what is 2 - -1245?
1247
In base 13, what is c + -4?
8
In base 13, what is -2 + -3?
-5
In base 8, what is -245 - -4?
-241
In base 13, what is -3 - -112?
10c
In base 12, what is 1 + -58?
-57
In base 16, what is -5c + -64?
-c0
In base 11, what is 3 - 474?
-471
In base 11, what is 110 - -3?
113
In base 6, what is -4 + 2?
-2
In base 11, what is -661 - -9?
-653
In base 16, what is -15 + 221?
20c
In base 9, what is 211 + 76?
287
In base 16, what is 4 - 4c?
-48
In base 4, what is 2003 + -10?
1333
In base 3, what is 1100022 - 10?
1100012
In base 8, what is 5 + -54?
-47
In base 5, what is -110 + 1423?
1313
In base 4, what is -1300 - 20?
-1320
In base 14, what is 1 + 55?
56
In base 14, what is -2a + 1?
-29
In base 6, what is -2022 + -5?
-2031
In base 11, what is -3a7 - 2?
-3a9
In base 14, what is 2 - 28c?
-28a
In base 12, what is 8ba7 - 4?
8ba3
In base 7, what is -6 + -1060?
-1066
In base 14, what is -516 + a?
-50a
In base 2, what is 10111 - -11?
11010
In base 10, what is -2699 - -1?
-2698
In base 10, what is -12385 + -1?
-12386
In base 2, what is 11111011 - 0?
11111011
In base 3, what is -12 - -11010102?
11010020
In base 12, what is 20a + -9?
201
In base 7, what is -110 - 1?
-111
In base 13, what is 10 + -b2?
-a2
In base 9, what is 2 + 526?
528
In base 9, what is -37 - -5?
-32
In base 16, what is 223 + -6?
21d
In base 4, what is -31 - 2?
-33
In base 15, what is -25d - 0?
-25d
In base 14, what is -17 - -da?
c3
In base 14, what is 2 + 6?
8
In base 13, what is 2 - -8?
a
In base 2, what is 1011001110 + -10?
1011001100
In base 5, what is 10 - 44?
-34
In base 14, what is -39 - 2?
-3b
In base 10, what is 17 + -18?
-1
In base 3, what is -21210 - -1012?
-20121
In base 12, what is -22 + -19?
-3b
In base 3, what is -220 - -20202?
12212
In base 16, what is -1ad + 1?
-1ac
In base 8, what is -113 - 104?
-217
In base 7, what is 2 - 56?
-54
In base 10, what is 304 + 0?
304
In base 11, what is -12073 + 2?
-12071
In base 6, what is -45 - 3?
-52
In base 11, what is 2 - 1992?
-1990
In base 12, what is -85 - 3?
-88
In base 4, what is 302 + -20?
222
In base 2, what is 10010111 - 1111?
10001000
In base 16, what is -26 - 2?
-28
In base 14, what is 11 + -1a?
-9
In base 14, what is 4 + -2?
2
In base 10, what is -14 + -18?
-32
In base 6, what is 1 - 1445?
-1444
In base 16, what is 3 + -1724?
-1721
In base 11, what is -122 - 5?
-127
In base 8, what is -24 + 130?
104
In base 15, what is 10 - 3e1?
-3d1
In base 8, what is -1005 + 0?
-1005
In base 7, what is 3 - -260?
263
In base 13, what is -21 - 55?
-76
In base 12, what is -a + -16?
-24
In base 9, what is 4 - 4?
0
In base 14, what is 8a - -7?
93
In base 15, what is 4e9 - d?
4db
In base 14, what is -4 - 33?
-37
In base 4, what is 1003023 - -11?
1003100
In base 13, what is -4 - -174?
170
In base 12, what is -10 - 137?
-147
In base 14, what is -2 - -67?
65
In base 5, what is 13024 + -4?
13020
In base 14, what is -45d8 + 0?
-45d8
In base 14, what is 1296 - 3?
1293
In base 8, what is 103 - 3?
100
In base 15, what is -3 - 117?
-11a
In base 9, what is 4 - 68?
-64
In base 11, what is 4 - 75?
-71
In base 4, what is -20132 - 11?
-20203
In base 9, what is 10 - 658?
-648
In base 2, what is -11001 + 11?
-10110
In base 4, what is -2 + -32?
-100
In base 14, what is -46 + -16?
-5c
In base 16, what is -50e - 2?
-510
In base 11, what is 691 - 13?
679
In base 15, what is -3ae - -1?
-3ad
In base 4, what is 11 - 13032?
-13021
In base 13, what is -5 + -448?
-450
In base 12, what is -259 - -5?
-254
In base 13, what is -9 + 4?
-5
In base 15, what is b + 6a?
76
In base 12, what is 5 + -29?
-24
In base 13, what is 1 - -4b?
4c
In base 16, what is -1 + -4d?
-4e
In base 9, what is 7 - 535?
-527
In base 2, what is -101 - -1001111?
1001010
In base 5, what is 10 - -114?
124
In base 5, what is 1013402 - -1?
1013403
In base 13, what is -1403 + -2?
-1405
In base 2, what is -110000110100101 - -10?
-110000110100011
In base 13, what is -173 - -23?
-150
In base 5, what is 0 - -20230?
20230
In base 8, what is -434 - -26?
-406
In base 2, what is 101 - 100101011?
-100100110
In base 13, what is 36 - -188?
1c1
In base 10, what is -2634 + 0?
-2634
In base 3, what is -10022220 - 0?
-10022220
In base 8, what is 243 - 6?
235
In base 16, what is 0 - -f3?
f3
In base 5, what is -103 + 3?
-100
In base 7, what is -1110 - 1?
-1111
In base 6, what is -2 - 314?
-320
In base 14, what is a0 - 0?
a0
In base 8, what is -1220 + 3?
-1215
In base 5, what is -4 + -2140?
-2144
In base 4, what is 0 + -22312?
-22312
In base 4, what is -300 - -101?
-133
I